5*z, 0 = -5*z + g. What is the highest common factor of v and 96?
6
Suppose p - k - 12 = 0, p + 5*k = 4*p - 46. Suppose 2*a - 153 = -137. What is the highest common divisor of a and p?
1
Suppose -12*u = -6*u - 24. Let r be u/14 - (-13)/((-364)/(-384)). Let a be (-10 + 1/1)*-14. What is the greatest common divisor of r and a?
14
Let c = 502 + -876. Let u = c - -715. What is the highest common divisor of u and 11?
11
Suppose -5*s + 581 = -2*g, 4*g + 109 = -184*s + 185*s. Calculate the highest common factor of 117 and s.
117
Suppose 83*p = -18933 + 63753. What is the highest common divisor of 216 and p?
108
Let k be -8*(7 - (-4669)/(-56)). What is the greatest common divisor of k and 2914?
47
Let l(t) = 108*t + 2817. Let q be l(-26). Let k be (-5)/3*(0 - 27). Calculate the greatest common divisor of q and k.
9
Let c be 4/(-10)*(-10)/12*(-3 - -21). Let l(z) = -z**3 - 6*z**2 + 11*z + 5. Let p be l(-7). Let j = 35 + p. Calculate the highest common divisor of c and j.
6
Let u(c) = 16*c**2 + 10*c - 8. Let w be u(4). Let l = w + -210. What is the greatest common divisor of 1014 and l?
78
Suppose 40*c - 20*c - 1960 = 0. Calculate the greatest common factor of c and 3283.
49
Let s = -1417 + 1637. Let l be (-2744)/(-21) + 12/9. What is the highest common divisor of l and s?
44
Suppose 2*g = -0*g + 4*d - 24, -4*d = -5*g - 78. Let t be (g/(-1) - 3) + (-25)/5. Let y be (0 + 2/(-3))*-6. Calculate the highest common factor of t and y.
2
Let c(i) = -3*i**3 - 2*i**2 + 6*i + 8. Let m be c(4). Let l = -187 - m. What is the highest common divisor of l and 3?
1
Suppose -11095 + 3031 = -56*t. Calculate the highest common factor of t and 342.
18
Suppose 3*l + 4*z + 36 = 0, -2*l - 2*z + 13 = 39. Let b(y) = 2*y**2 + 34*y + 50. Let o be b(l). Calculate the greatest common factor of o and 684.
18
Let a(z) = z**3 + 24*z**2 - 250*z + 67. Let j be a(16). What is the greatest common divisor of j and 833?
119
Let p = 1934 + -684. Calculate the greatest common divisor of p and 4.
2
Let g be 20*(12 - 378/56). Calculate the highest common factor of g and 567.
21
Suppose 9*i + 24 = 11*i - 2*t, 2*i - 45 = -5*t. Suppose -2*f = -5*l + 1423, f + 4*f = 5. Calculate the greatest common divisor of l and i.
15
Suppose 15*o - 21*o + 12 = 0. Suppose 3*c + 3*p = 108, 4*p = -o*c + 3*p + 76. What is the highest common divisor of 80 and c?
40
Suppose -a = 4*a - 90. Let b(k) = 3*k**2 - 78*k + 10. Let h be b(26). Suppose -h*f + a*f = 880. What is the highest common divisor of f and 10?
10
Let v(n) = -106*n**3 + n. Let q be v(-1). Let y(d) = 306*d**2 - 917*d + 7. Let o be y(3). Calculate the highest common factor of q and o.
5
Suppose 0 = -16*y - 44*y - 13*y + 22995. What is the highest common divisor of y and 3087?
63
Let q = 32 - 118. Let r = 156 + q. Calculate the highest common factor of r and 20.
10
Suppose -737 = -5*d + 4*g + 1127, 3*d - 2*g = 1120. What is the highest common factor of d and 423?
47
Let q = 1015 + -641. Suppose -l + 102 = 17. Calculate the highest common divisor of l and q.
17
Let y be (-1 + 2)/(8 - 952/120). Suppose 22*j - y*j = 7. Calculate the highest common factor of 27 and j.
1
Let k(m) = m**3 + m + 1. Let a(j) = 10*j**3 - j**2 + 5*j + 2. Let l(g) = a(g) - 3*k(g). Let r be l(1). What is the greatest common divisor of 2 and r?
1
Suppose 20*r - k = 17*r + 4519, 3*r = -5*k + 4567. Calculate the highest common divisor of r and 6.
3
Suppose 0 = 21*y + 5*y. Suppose 15*o - 22*o + 238 = y. What is the highest common divisor of 442 and o?
34
Let p(v) = -215*v + 156 + 109*v + 109*v. Let h be p(-42). What is the highest common factor of h and 50?
10
Suppose 0 = -s + 5*s - 3*a - 918, 4*s - 916 = 4*a. Let p = -211 + s. What is the highest common divisor of p and 260?
20
Let o be -1 + -1 - 2/(-2). Let l(r) = -4*r - 9 + 4 + 332*r**2 + 7 - 326*r**2 - 6. Let w be l(o). Calculate the greatest common divisor of 78 and w.
6
Let d(m) = 10*m**2 - 11*m - 6. Let t be d(8). Suppose 45*g = 21*g + 96. Suppose g*c + t = 6*c. What is the highest common divisor of c and 39?
39
Let j = 11225 - 4095. What is the greatest common divisor of j and 31?
31
Let k(w) = w**2 - 4*w - 24. Let p = 35 + -41. Let b be k(p). Let q be (b/(-15))/(106/(-100) - -1). Calculate the greatest common divisor of 8 and q.
8
Let f(t) = 158*t**2 - 18*t + 36. Let h be f(4). Calculate the greatest common factor of 28 and h.
28
Suppose -1405 = -138*r - 748 + 4035. Let c be (-6)/(-8) - 861/(-4). Suppose 5*s - c = s - 4*z, 96 = 2*s - 2*z. Calculate the greatest common divisor of r and s.
17
Suppose -127 = -2*l - 4*q + 1367, 0 = 5*q - 15. Let d = -93 + l. What is the greatest common divisor of d and 72?
72
Let d = 5 + -2. Suppose d*w + w + 4*t - 208 = 0, -5*w = -t - 272. Suppose 11*k - 6*k + 28 = v, k + 20 = v. Calculate the highest common factor of w and v.
18
Let x be (0 + -86)*(-69)/((-276)/(-8)). Calculate the greatest common factor of x and 129.
43
Suppose 369*z - 26971 = -23650. Let i(y) = -10*y**3 - 2*y**2 - 2*y + 3. Let p be i(-3). Calculate the greatest common divisor of z and p.
9
Let f be 14 - 20/(-8)*132. What is the greatest common divisor of f and 1462?
86
Let r be ((-14)/2)/(2/(-26)). Let b(p) = -p**3 + 256*p**2 + 9*p - 2200. Let v be b(256). What is the greatest common divisor of r and v?
13
Let i(t) = -15*t**3 + 271*t**2 - 4*t - 28. Let r be i(18). Calculate the highest common divisor of r and 126.
14
Let w(q) = q**3 - 13*q**2 - 12*q. Let m be w(14). Let u = -60 + m. Let y be 3*-3*u/18. What is the highest common factor of y and 40?
8
Suppose 1384 = 11*t - 266. Let l = 163 - t. Calculate the highest common divisor of l and 104.
13
Let v be 1/(-3) + ((-57154)/153)/(2/(-3)). Calculate the greatest common factor of 304 and v.
16
Let t = -517 - -709. What is the highest common factor of 408 and t?
24
Suppose -3*m = 10 - 7. Let y be m + (-50)/4*-2. Suppose -2*a = -5*o + y, -4*a - 10 - 8 = -5*o. Calculate the greatest common factor of o and 30.
6
Let o(u) = 2*u**3 - 18*u**2 + 76*u - 10. Let z be o(10). What is the greatest common divisor of 152 and z?
38
Let b(g) = 29*g**3 + 2*g**2 + 2*g - 3. Let s be b(2). Let c = 681 - s. Suppose -6*y + c = -y. Calculate the greatest common divisor of 11 and y.
11
Suppose 0 = 3*o + 4*c - 10581, 150*o = 151*o - 3*c - 3540. Calculate the greatest common factor of o and 66.
33
Let t be (-20)/6*(36/10)/3. Let c be (-6)/t*66 + 5. Let v = c - 103. Calculate the highest common divisor of 9 and v.
1
Suppose q = -3*c + 29, 0*q - 15 = -3*q + 3*c. Calculate the greatest common factor of 7634 and q.
11
Suppose 17 = b + 14. Suppose -b*y + 0*y + 213 = u, y = 2*u + 78. Calculate the highest common factor of y and 36.
36
Let h = 13801 + -13726. Calculate the highest common divisor of h and 6225.
75
Let c(d) = -d**3 + 14*d**2 + 16*d - 116. Let j be c(6). Suppose -79 = -n - 3*a, 4*n + a - 286 = -14. What is the greatest common factor of n and j?
67
Let a be 84 - -3 - (0 + -5 + 1). Suppose a = -3*d + 127. Let s = d + 16. What is the highest common divisor of 98 and s?
14
Suppose -242*y = -223*y + 19494. Let b = 1032 + y. Calculate the highest common factor of 18 and b.
6
Suppose -189*q - 276 = -113*q - 3012. What is the greatest common divisor of 1368 and q?
36
Suppose 0*v + 54 = 3*v. Let w be (18/(-3) - (-6 - -169)) + -2. Let b = w - -252. Calculate the greatest common factor of b and v.
9
Let s be (1476/(-5))/(((-6)/(-20))/(-1 - 1)). What is the greatest common factor of 615 and s?
123
Suppose 6 = k + 3*w, -2*k = -5*w + 7 - 63. Let g = -8 + 0. Let m = g + k. Calculate the greatest common divisor of m and 80.
10
Suppose -113*p = -81*p - 3040. What is the greatest common divisor of p and 2147?
19
Suppose 0 = 15313*j - 15289*j - 10152. What is the highest common factor of 9 and j?
9
Let j(c) = c**2 - 4*c + 5. Let t be j(0). Suppose -2*b + a + 44 + 44 = 0, -20 = t*a. What is the greatest common factor of b and 14?
14
Let j be 110/3*120/(-50). Let i = -84 - j. Let b = -81 + 99. What is the highest common factor of i and b?
2
Let v(c) = c**3 + 8*c**2 - 8*c - 33. Let k be v(-7). Suppose -66*n + k*n - 114 = 0. Calculate the greatest common factor of 38 and n.
19
Let b be 1 - (-4 + 3 - 2). Suppose 4*v = b*u - 136, -2*u + 29*v + 66 = 26*v. Calculate the greatest common divisor of 396 and u.
36
Suppose 0 = 5*r